{"id":12425,"date":"2026-01-27T16:56:47","date_gmt":"2026-01-27T16:56:47","guid":{"rendered":"https:\/\/rado-design.at\/?post_type=product&#038;p=12425"},"modified":"2026-01-27T16:56:47","modified_gmt":"2026-01-27T16:56:47","slug":"ohrhaenger-anelie-2-in-1","status":"publish","type":"product","link":"https:\/\/rado-design.at\/de_de\/produkt\/ohrhaenger-anelie-2-in-1\/","title":{"rendered":"Ohrh\u00e4nger &#8220;Anelie&#8221; 2 in 1"},"content":{"rendered":"","protected":false},"excerpt":{"rendered":"<p>Ohrh\u00e4nger &#8220;Anelie&#8221; besteht aus von mir in liebevoller Handarbeit bemalten Blumen, die ich mit ausschlie\u00dflich aus S\u00fcsswasser Perlen kombiniert habe. Veredelt habe ich mit einem Tropfen Anh\u00e4nger aus Kunstharz. Der untere Teil des Ohrrings l\u00e4sst sich abnehmen, sodass du die Perlen Ohrstecker auch separat tragen kannst. So entstehen zwei Looks in einem. Der Verschluss ist aus vergoldetem Edelstahl.<\/p>\n<p>Farben : Ivory \/ Perlmutt \/ Zartgold<\/p>\n<p>Gesamtl\u00e4nge : ca 7cm<\/p>\n","protected":false},"featured_media":12403,"comment_status":"open","ping_status":"closed","template":"","meta":[],"product_brand":[],"product_cat":[141,145],"product_tag":[],"class_list":{"0":"post-12425","1":"product","2":"type-product","3":"status-publish","4":"has-post-thumbnail","6":"product_cat-braut-schmuck","7":"product_cat-ohrschmuck-floral","8":"clearfix","10":"first","11":"instock","12":"taxable","13":"shipping-taxable","14":"purchasable","15":"product-type-simple"},"_links":{"self":[{"href":"https:\/\/rado-design.at\/de_de\/wp-json\/wp\/v2\/product\/12425","targetHints":{"allow":["GET"]}}],"collection":[{"href":"https:\/\/rado-design.at\/de_de\/wp-json\/wp\/v2\/product"}],"about":[{"href":"https:\/\/rado-design.at\/de_de\/wp-json\/wp\/v2\/types\/product"}],"replies":[{"embeddable":true,"href":"https:\/\/rado-design.at\/de_de\/wp-json\/wp\/v2\/comments?post=12425"}],"wp:featuredmedia":[{"embeddable":true,"href":"https:\/\/rado-design.at\/de_de\/wp-json\/wp\/v2\/media\/12403"}],"wp:attachment":[{"href":"https:\/\/rado-design.at\/de_de\/wp-json\/wp\/v2\/media?parent=12425"}],"wp:term":[{"taxonomy":"product_brand","embeddable":true,"href":"https:\/\/rado-design.at\/de_de\/wp-json\/wp\/v2\/product_brand?post=12425"},{"taxonomy":"product_cat","embeddable":true,"href":"https:\/\/rado-design.at\/de_de\/wp-json\/wp\/v2\/product_cat?post=12425"},{"taxonomy":"product_tag","embeddable":true,"href":"https:\/\/rado-design.at\/de_de\/wp-json\/wp\/v2\/product_tag?post=12425"}],"curies":[{"name":"wp","href":"https:\/\/api.w.org\/{rel}","templated":true}]}}

Ohrhänger &#8220;Anelie&#8221; 2 in 1

<p>Ohrhänger &#8220;Anelie&#8221; besteht aus von mir in liebevoller Handarbeit bemalten Blumen, die ich mit ausschließlich aus Süsswasser Perlen kombiniert habe. Veredelt habe ich mit einem Tropfen Anhänger aus Kunstharz. Der untere Teil des Ohrrings lässt sich abnehmen, sodass du die Perlen Ohrstecker auch separat tragen kannst. So entstehen zwei Looks in einem. Der Verschluss ist aus vergoldetem Edelstahl.</p>
<p>Farben : Ivory / Perlmutt / Zartgold</p>
<p>Gesamtlänge : ca 7cm</p>
