{"id":4572,"date":"2022-10-14T15:40:08","date_gmt":"2022-10-14T15:40:08","guid":{"rendered":"https:\/\/rado-design.at\/?post_type=product&#038;p=4572"},"modified":"2025-11-05T13:57:49","modified_gmt":"2025-11-05T13:57:49","slug":"haarkranz-dear","status":"publish","type":"product","link":"https:\/\/rado-design.at\/de_de\/produkt\/haarkranz-dear\/","title":{"rendered":"Haarkranz &#8220;Dear&#8221;"},"content":{"rendered":"","protected":false},"excerpt":{"rendered":"<p>Besonderheit &#8220;Dear&#8221; ist aus meine &#8220;Happiness&#8221; Kollektion. Die Blumen und Bl\u00e4tter sind von mir handbemalt. Die Bl\u00fcten \/ Bl\u00e4tter sind im Verlauf mehrreihig &#8220;gebunden&#8221; in ca. 9 cm Breite. Insgesamt sind ca.144 St\u00fcck handbemalte Blumen und Bl\u00e4tter mit \u00fcber 220 Glaswachsperlen eingearbeitet. &#8220;Dear&#8221; zieht die Blicke garantiert auf sich an Ihren grossen Tag!<\/p>\n<p>Farbe : Ivory \/ Perlmutt \/ Weiss \/ Bronze-Matt \u00a0(Bl\u00e4tter)<\/p>\n","protected":false},"featured_media":11458,"comment_status":"open","ping_status":"closed","template":"","meta":[],"product_brand":[],"product_cat":[141,147],"product_tag":[],"class_list":{"0":"post-4572","1":"product","2":"type-product","3":"status-publish","4":"has-post-thumbnail","6":"product_cat-braut-schmuck","7":"product_cat-haarschmuck","8":"clearfix","10":"first","11":"instock","12":"taxable","13":"shipping-taxable","14":"purchasable","15":"product-type-simple"},"_links":{"self":[{"href":"https:\/\/rado-design.at\/de_de\/wp-json\/wp\/v2\/product\/4572","targetHints":{"allow":["GET"]}}],"collection":[{"href":"https:\/\/rado-design.at\/de_de\/wp-json\/wp\/v2\/product"}],"about":[{"href":"https:\/\/rado-design.at\/de_de\/wp-json\/wp\/v2\/types\/product"}],"replies":[{"embeddable":true,"href":"https:\/\/rado-design.at\/de_de\/wp-json\/wp\/v2\/comments?post=4572"}],"wp:featuredmedia":[{"embeddable":true,"href":"https:\/\/rado-design.at\/de_de\/wp-json\/wp\/v2\/media\/11458"}],"wp:attachment":[{"href":"https:\/\/rado-design.at\/de_de\/wp-json\/wp\/v2\/media?parent=4572"}],"wp:term":[{"taxonomy":"product_brand","embeddable":true,"href":"https:\/\/rado-design.at\/de_de\/wp-json\/wp\/v2\/product_brand?post=4572"},{"taxonomy":"product_cat","embeddable":true,"href":"https:\/\/rado-design.at\/de_de\/wp-json\/wp\/v2\/product_cat?post=4572"},{"taxonomy":"product_tag","embeddable":true,"href":"https:\/\/rado-design.at\/de_de\/wp-json\/wp\/v2\/product_tag?post=4572"}],"curies":[{"name":"wp","href":"https:\/\/api.w.org\/{rel}","templated":true}]}}

<p>Besonderheit &#8220;Dear&#8221; ist aus meine &#8220;Happiness&#8221; Kollektion. Die Blumen und Blätter sind von mir handbemalt. Die Blüten / Blätter sind im Verlauf mehrreihig &#8220;gebunden&#8221; in ca. 9 cm Breite. Insgesamt sind ca.144 Stück handbemalte Blumen und Blätter mit über 220 Glaswachsperlen eingearbeitet. &#8220;Dear&#8221; zieht die Blicke garantiert auf sich an Ihren grossen Tag!</p>
<p>Farbe : Ivory / Perlmutt / Weiss / Bronze-Matt  (Blätter)</p>
