{"id":9300,"date":"2025-02-20T13:13:48","date_gmt":"2025-02-20T13:13:48","guid":{"rendered":"https:\/\/rado-design.at\/?post_type=product&#038;p=9300"},"modified":"2026-01-22T14:38:53","modified_gmt":"2026-01-22T14:38:53","slug":"ohrhaenger-bally-drops-pastellgelb","status":"publish","type":"product","link":"https:\/\/rado-design.at\/de_de\/produkt\/ohrhaenger-bally-drops-pastellgelb\/","title":{"rendered":"Ohrstecker &#8220;Bally-Drops&#8221; Pastellgelb"},"content":{"rendered":"","protected":false},"excerpt":{"rendered":"<p>Ohrh\u00e4nger &#8220;Bally-Drops&#8221; besteht aus von mir in liebevoller Handarbeit bemalten Blumen, facettierten Glasperlen und aus Resin-Tropfen.<\/p>\n<p>F\u00fcr die &#8220;Bally&#8221; Serie haben mich die sch\u00f6nen Wandelr\u00f6schen und deren Form inspiriert, die ich auf einer Monaco Reise entdeckt habe.<\/p>\n<p>Der Stecker ist aus medizinischer Edelstahl.<\/p>\n<p>Farbe: Pastellgelb \/ Gelbgold \/ Zartrosa<\/p>\n<p>Gesamtl\u00e4nge ca 5,3 cm<\/p>\n","protected":false},"featured_media":10304,"comment_status":"open","ping_status":"closed","template":"","meta":[],"product_brand":[],"product_cat":[145,156],"product_tag":[],"class_list":{"0":"post-9300","1":"product","2":"type-product","3":"status-publish","4":"has-post-thumbnail","6":"product_cat-ohrschmuck-floral","7":"product_cat-vintage-style","8":"clearfix","10":"first","11":"instock","12":"taxable","13":"shipping-taxable","14":"purchasable","15":"product-type-simple"},"_links":{"self":[{"href":"https:\/\/rado-design.at\/de_de\/wp-json\/wp\/v2\/product\/9300","targetHints":{"allow":["GET"]}}],"collection":[{"href":"https:\/\/rado-design.at\/de_de\/wp-json\/wp\/v2\/product"}],"about":[{"href":"https:\/\/rado-design.at\/de_de\/wp-json\/wp\/v2\/types\/product"}],"replies":[{"embeddable":true,"href":"https:\/\/rado-design.at\/de_de\/wp-json\/wp\/v2\/comments?post=9300"}],"wp:featuredmedia":[{"embeddable":true,"href":"https:\/\/rado-design.at\/de_de\/wp-json\/wp\/v2\/media\/10304"}],"wp:attachment":[{"href":"https:\/\/rado-design.at\/de_de\/wp-json\/wp\/v2\/media?parent=9300"}],"wp:term":[{"taxonomy":"product_brand","embeddable":true,"href":"https:\/\/rado-design.at\/de_de\/wp-json\/wp\/v2\/product_brand?post=9300"},{"taxonomy":"product_cat","embeddable":true,"href":"https:\/\/rado-design.at\/de_de\/wp-json\/wp\/v2\/product_cat?post=9300"},{"taxonomy":"product_tag","embeddable":true,"href":"https:\/\/rado-design.at\/de_de\/wp-json\/wp\/v2\/product_tag?post=9300"}],"curies":[{"name":"wp","href":"https:\/\/api.w.org\/{rel}","templated":true}]}}

<p>Ohrhänger &#8220;Bally-Drops&#8221; besteht aus von mir in liebevoller Handarbeit bemalten Blumen, facettierten Glasperlen und aus Resin-Tropfen.</p>
<p>Für die &#8220;Bally&#8221; Serie haben mich die schönen Wandelröschen und deren Form inspiriert, die ich auf einer Monaco Reise entdeckt habe.</p>
<p>Der Stecker ist aus medizinischer Edelstahl.</p>
<p>Farbe: Pastellgelb / Gelbgold / Zartrosa</p>
<p>Gesamtlänge ca 5,3 cm</p>
